{"id":130,"date":"2025-08-22T09:39:55","date_gmt":"2025-08-22T09:39:55","guid":{"rendered":"http:\/\/pizzayolonice.com\/?page_id=130"},"modified":"2025-08-22T09:39:55","modified_gmt":"2025-08-22T09:39:55","slug":"mentions-legales","status":"publish","type":"page","link":"https:\/\/pizzayolonice.com\/index.php\/mentions-legales\/","title":{"rendered":"Mentions l\u00e9gales"},"content":{"rendered":"\n<p>Nom de l&#8217;entreprise : PIZZAYOLO &#8211; AMES\u0152UR (FAMILLY PIZZA)<\/p>\n\n\n\n<p>Forme juridique : SAS, soci\u00e9t\u00e9 par actions simplifi\u00e9e<\/p>\n\n\n\n<p>Adresse du si\u00e8ge social : 13 AVENUE RENE ANTONIUCCI, 06670 SAINT-MARTIN-DU-VAR<\/p>\n\n\n\n<p>Num\u00e9ro de t\u00e9l\u00e9phone : 06 30 94 53 37<\/p>\n\n\n\n<p>Adresse e-mail de contact : <a href=\"mailto:pizzayolo.amesoeur@gmail.com\" rel=\"noreferrer noopener\" target=\"_blank\">pizzayolo.amesoeur@gmail.com<\/a><\/p>\n\n\n\n<p>Num\u00e9ro d&#8217;immatriculation (SIRET) : 927 450 395 00011<\/p>\n\n\n\n<p>Num\u00e9ro RCS : 927 450 395 R.C.S. Nice<\/p>\n\n\n\n<p>Capital social : 5 000,00 \u20ac<\/p>\n\n\n\n<p>Nom et adresse de l&#8217;h\u00e9bergeur du site web : OVH<\/p>\n\n\n\n<p>\u2022Adresse de l&#8217;h\u00e9bergeur : 2 rue Kellermann &#8211; 59100 Roubaix &#8211; France<\/p>\n\n\n\n<p>\u2022T\u00e9l\u00e9phone de l&#8217;h\u00e9bergeur : 1007<\/p>\n\n\n\n<h2 class=\"wp-block-heading\">Propri\u00e9t\u00e9 intellectuelle<\/h2>\n\n\n\n<p>L&#8217;ensemble de ce site rel\u00e8ve de la l\u00e9gislation fran\u00e7aise et internationale sur le droit d&#8217;auteur et la propri\u00e9t\u00e9 intellectuelle. Tous les droits de reproduction sont r\u00e9serv\u00e9s, y compris pour les documents t\u00e9l\u00e9chargeables et les repr\u00e9sentations iconographiques et photographiques. La reproduction de tout ou partie de ce site sur un support \u00e9lectronique quel qu&#8217;il soit est formellement interdite sauf autorisation expresse du directeur de la publication.<\/p>\n\n\n\n<h2 class=\"wp-block-heading\">Donn\u00e9es personnelles<\/h2>\n\n\n\n<p>Les informations recueillies sur ce site font l&#8217;objet d&#8217;un traitement informatique destin\u00e9 \u00e0 [pr\u00e9ciser la finalit\u00e9, ex: la gestion des commandes, l&#8217;envoi de newsletters, la r\u00e9ponse aux demandes de contact]. Conform\u00e9ment \u00e0 la loi &#8220;Informatique et Libert\u00e9s&#8221; du 6 janvier 1978 modifi\u00e9e et au R\u00e8glement G\u00e9n\u00e9ral sur la Protection des Donn\u00e9es (RGPD), vous disposez d&#8217;un droit d&#8217;acc\u00e8s, de rectification, d&#8217;effacement, d&#8217;opposition, de limitation du traitement et de portabilit\u00e9 des donn\u00e9es vous concernant. Pour exercer ces droits, veuillez nous contacter \u00e0 l&#8217;adresse e-mail mentionn\u00e9e ci-dessus.<\/p>\n\n\n\n<h2 class=\"wp-block-heading\">Cookies<\/h2>\n\n\n\n<p>Ce site utilise des cookies pour [pr\u00e9ciser la finalit\u00e9, ex: am\u00e9liorer l&#8217;exp\u00e9rience utilisateur, mesurer l&#8217;audience, personnaliser le contenu]. Vous pouvez d\u00e9sactiver l&#8217;utilisation des cookies en s\u00e9lectionnant les param\u00e8tres appropri\u00e9s de votre navigateur. Cependant, une telle d\u00e9sactivation pourrait emp\u00eacher l&#8217;utilisation de certaines fonctionnalit\u00e9s du site.<\/p>\n\n\n\n<h2 class=\"wp-block-heading\">Liens hypertextes<\/h2>\n\n\n\n<p>Le site pizzayolonice.com peut contenir des liens hypertextes vers d&#8217;autres sites pr\u00e9sents sur le r\u00e9seau Internet. Les liens vers ces autres ressources vous font quitter le site pizzayolonice.com. Pizza Yolo &#8211; Amesoeur ne peut \u00eatre tenu responsable du contenu de ces sites tiers.<\/p>\n\n\n\n<h2 class=\"wp-block-heading\">Droit applicable et attribution de juridiction<\/h2>\n\n\n\n<p>Tout litige en relation avec l&#8217;utilisation du site pizzayolonice.com est soumis au droit fran\u00e7ais. Il est fait attribution exclusive de juridiction aux tribunaux comp\u00e9tents de Nice.<\/p>\n","protected":false},"excerpt":{"rendered":"<p>Nom de l&#8217;entreprise : PIZZAYOLO &#8211; AMES\u0152UR (FAMILLY PIZZA) Forme juridique : SAS, soci\u00e9t\u00e9 par actions simplifi\u00e9e Adresse du si\u00e8ge social : 13 AVENUE RENE ANTONIUCCI, 06670 SAINT-MARTIN-DU-VAR Num\u00e9ro de t\u00e9l\u00e9phone : 06 30 94 53 37 Adresse e-mail de contact : pizzayolo.amesoeur@gmail.com Num\u00e9ro d&#8217;immatriculation (SIRET) : 927 450 395 00011 Num\u00e9ro RCS : 927 [&hellip;]<\/p>\n","protected":false},"author":1,"featured_media":0,"parent":0,"menu_order":0,"comment_status":"closed","ping_status":"closed","template":"","meta":{"footnotes":""},"class_list":["post-130","page","type-page","status-publish","hentry"],"_links":{"self":[{"href":"https:\/\/pizzayolonice.com\/index.php\/wp-json\/wp\/v2\/pages\/130","targetHints":{"allow":["GET"]}}],"collection":[{"href":"https:\/\/pizzayolonice.com\/index.php\/wp-json\/wp\/v2\/pages"}],"about":[{"href":"https:\/\/pizzayolonice.com\/index.php\/wp-json\/wp\/v2\/types\/page"}],"author":[{"embeddable":true,"href":"https:\/\/pizzayolonice.com\/index.php\/wp-json\/wp\/v2\/users\/1"}],"replies":[{"embeddable":true,"href":"https:\/\/pizzayolonice.com\/index.php\/wp-json\/wp\/v2\/comments?post=130"}],"version-history":[{"count":1,"href":"https:\/\/pizzayolonice.com\/index.php\/wp-json\/wp\/v2\/pages\/130\/revisions"}],"predecessor-version":[{"id":131,"href":"https:\/\/pizzayolonice.com\/index.php\/wp-json\/wp\/v2\/pages\/130\/revisions\/131"}],"wp:attachment":[{"href":"https:\/\/pizzayolonice.com\/index.php\/wp-json\/wp\/v2\/media?parent=130"}],"curies":[{"name":"wp","href":"https:\/\/api.w.org\/{rel}","templated":true}]}}